 the prime factors of 1445451.
3, 7, 9833
What are the prime factors of 640711?
23, 89, 313
What are the prime factors of 2172058?
2, 7, 47, 3301
What are the prime factors of 52181?
52181
List the prime factors of 2395049.
67, 35747
What are the prime factors of 2210744?
2, 276343
List the prime factors of 28226986.
2, 283, 49871
List the prime factors of 149336.
2, 11, 1697
List the prime factors of 302481.
3, 17, 659
What are the prime factors of 19545184?
2, 610787
List the prime factors of 168122.
2, 84061
What are the prime factors of 739710?
2, 3, 5, 8219
What are the prime factors of 1313421?
3, 233, 1879
List the prime factors of 677501.
11, 17, 3623
List the prime factors of 10768687.
19, 31, 47, 389
List the prime factors of 423857.
7, 151, 401
List the prime factors of 800250.
2, 3, 5, 11, 97
What are the prime factors of 34823?
97, 359
List the prime factors of 7848295.
5, 7, 13, 47, 367
What are the prime factors of 289892?
2, 23, 137
What are the prime factors of 4449392?
2, 278087
What are the prime factors of 23731020?
2, 3, 5, 131839
What are the prime factors of 1568551?
73, 21487
List the prime factors of 6415489.
71, 90359
What are the prime factors of 2203152?
2, 3, 7, 79, 83
What are the prime factors of 10560920?
2, 5, 83, 3181
List the prime factors of 220624.
2, 13789
List the prime factors of 79049.
137, 577
What are the prime factors of 8872108?
2, 7, 316861
What are the prime factors of 6779258?
2, 3389629
What are the prime factors of 3986118?
2, 3, 97, 761
What are the prime factors of 8717109?
3, 2905703
What are the prime factors of 28009470?
2, 3, 5, 933649
List the prime factors of 13447396.
2, 373, 9013
What are the prime factors of 10418617?
11, 61, 15527
What are the prime factors of 3174495?
3, 5, 17, 59, 211
List the prime factors of 22517870.
2, 5, 353, 6379
What are the prime factors of 620550?
2, 3, 5, 7, 197
What are the prime factors of 136410?
2, 3, 5, 4547
List the prime factors of 30529.
30529
List the prime factors of 771868.
2, 17, 11351
List the prime factors of 14485607.
23, 139, 197
What are the prime factors of 1318590?
2, 3, 5, 7, 13, 23
What are the prime factors of 1531127?
13, 117779
What are the prime factors of 5835376?
2, 23, 101, 157
List the prime factors of 161959.
7, 17, 1361
What are the prime factors of 1922926?
2, 139, 6917
What are the prime factors of 4619051?
59, 79, 991
List the prime factors of 969337.
109, 8893
What are the prime factors of 75596?
2, 18899
List the prime factors of 3750942.
2, 3, 13, 19, 2531
What are the prime factors of 226621?
226621
List the prime factors of 121855.
5, 24371
What are the prime factors of 360533?
347, 1039
What are the prime factors of 20723456?
2, 13, 479
List the prime factors of 385171.
385171
What are the prime factors of 9075?
3, 5, 11
What are the prime factors of 37646?
2, 7, 2689
What are the prime factors of 415572?
2, 3, 34631
What are the prime factors of 1047709?
13, 83, 971
List the prime factors of 26327.
7, 3761
List the prime factors of 66545.
5, 13309
List the prime factors of 1808077.
1808077
What are the prime factors of 6495198?
2, 3, 1082533
List the prime factors of 654807.
3, 167, 1307
List the prime factors of 205059.
3, 29, 2357
List the prime factors of 466489.
683
What are the prime factors of 222059?
222059
List the prime factors of 10695266.
2, 307, 17419
What are the prime factors of 1526475?
3, 5, 20353
List the prime factors of 207849.
3, 79, 877
List the prime factors of 8997034.
2, 83, 653
What are the prime factors of 3102495?
3, 5, 11, 18803
List the prime factors of 1858273.
809, 2297
What are the prime factors of 354078?
2, 3, 79, 83
What are the prime factors of 415036?
2, 19, 43, 127
What are the prime factors of 838095?
3, 5, 59, 947
What are the prime factors of 9952372?
2, 607, 4099
What are the prime factors of 6179219?
1063, 5813
What are the prime factors of 6738810?
2, 3, 5, 13, 37, 467
What are the prime factors of 184801?
181, 1021
List the prime factors of 1964351.
41, 47911
List the prime factors of 134293.
134293
What are the prime factors of 918770?
2, 5, 79, 1163
What are the prime factors of 147442?
2, 73721
What are the prime factors of 824846?
2, 11, 37493
What are the prime factors of 1762437?
3, 311, 1889
What are the prime factors of 6077865?
3, 5, 23, 79, 223
What are the prime factors of 1482488?
2, 7, 23, 1151
List the prime factors of 263291.
7, 29, 1297
What are the prime factors of 938050?
2, 5, 73, 257
List the prime factors of 213721.
213721
What are the prime factors of 23209850?
2, 5, 464197
What are the prime factors of 2743486?
2, 19, 23, 43, 73
List the prime factors of 434797.
11, 29, 47
List the prime factors of 21669603.
3, 7223201
What are the prime factors of 1671971?
7, 238853
List the prime factors of 103912.
2, 31, 419
List the prime factors of 179588.
2, 17, 19, 139
List the prime factors of 3473499.
3, 1157833
List the prime factors of 208033.
7, 113, 263
What are the prime factors of 15009980?
2, 5, 17, 131, 337
What are the prime factors of 18444?
2, 3, 29, 53
List the prime factors of 6703070.
2, 5, 11, 60937
List the prime factors of 1153782.
2, 3, 7, 9157
What are the prime factors of 7000582?
2, 107, 32713
List the prime factors of 4688043.
3, 163, 9587
What are the prime factors of 1113935?
5, 222787
List the prime factors of 7528437.
3, 7, 61, 653
List the prime factors of 2034025.
5, 7, 59, 197
What are the prime factors of 1830301?
11, 227, 733
List the prime factors of 3059.
7, 19, 23
What are the prime factors of 20654205?
3, 5, 11, 13, 9629
What are the prime factors of 88250?
2, 5, 353
List the prime factors of 531603.
3, 6563
List the prime factors of 11734955.
5, 83, 28277
List the prime factors of 189445.
5, 37889
What are the prime factors of 218595?
3, 5, 13, 19, 59
List the prime factors of 18372225.
3, 5, 29, 8447
List the prime factors of 88026.
2, 3, 17, 863
List the prime factors of 2196089.
7, 313727
List the prime factors of 1942038.
2, 3, 7, 15413
What are the prime factors of 287209?
13, 22093
What are the prime factors of 9695645?
5, 61, 83, 383
List the prime factors of 447810.
2, 3, 5, 11, 23, 59
List the prime factors of 128176.
2, 8011
List the prime factors of 4080749.
4080749
What are the prime factors of 9008529?
3, 3002843
What are the prime factors of 253244?
2, 63311
List the prime factors of 96873.
3, 7, 659
List the prime factors of 1930287.
3, 643429
What are the prime factors of 16886521?
16886521
List the prime factors of 1065338.
2, 532669
List the prime factors of 1587844.
2, 71, 5591
What are the prime factors of 2435187?
3, 811729
What are the prime factors of 10450863?
3, 129023
What are the prime factors of 4410495?
3, 5, 98011
What are the prime factors of 2215074?
2, 3, 31, 11909
List the prime factors of 2158909.
2158909
What are the prime factors of 129227?
7, 18461
List the prime factors of 109174.
2, 13, 17, 19
List the prime factors of 11587.
11587
What are the prime factors of 856876?
2, 214219
List the prime factors of 1721719.
1721719
What are the prime factors of 12825867?
3, 4275289
List the prime factors of 198971.
198971
What are the prime factors of 372090?
2, 3, 5, 79, 157
What are the prime factors of 2329031?
2329031
List the prime factors of 22667626.
2, 11333813
What are the prime factors of 625266?
2, 3, 11579
What are the prime factors of 480030?
2, 3, 5, 16001
What are the prime factors of 272715?
3, 5, 18181
List the prime factors of 186719.
13, 53, 271
What are the prime factors of 24229600?
2, 5, 31, 977
List the prime factors of 5473748.
2, 7, 19, 10289
List the prime factors of 21969735.
3, 5, 1464649
List the prime factors of 32566312.
2, 4070789
List the prime factors of 184161.
3, 17, 23, 157
What are the prime factors of 30507658?
2, 31, 492059
What are the prime factors of 112141?
127, 883
List the prime factors of 13948810.
2, 5, 23, 60647
List the prime factors of 5868527.
7, 29, 28909
What are the prime factors of 5482803?
3, 1039, 1759
What are the prime factors of 5600945?
5, 7, 22861
What are the prime factors of 7089847?
61, 71, 1637
List the prime factors of 2042409.
3, 680803
List the prime factors of 2236613.
37, 60449
List the prime factors of 4643862.
2, 